/(10/(38100/(-5))) is divided by 209?
208
Suppose 24*r + 965 = 87*r + 209. Calculate the remainder when 5925 is divided by r.
9
Let o = -15807 + 15966. Calculate the remainder when o is divided by 32.
31
Let w = -82 - -77. Calculate the remainder when 4 + 213/6 - 6/4 is divided by (-5 + 3)/(1*1/w).
8
Let g(i) = i - 11. Suppose 4*p - 82 + 34 = 0. Let s be g(p). Suppose -s = -2*y + 3. What is the remainder when 5 is divided by y?
1
Let c = 308 + -183. Let q = 229 - -233. Suppose 5*w + 6*w - q = 0. What is the remainder when c is divided by w?
41
Calculate the remainder when (20/4)/((-125)/150) + (2617 - 1) is divided by 96.
18
Let t(j) = -20*j - 38. Let k be t(-6). Let l = k - -126. Calculate the remainder when l is divided by 30.
28
Suppose 0 = 15*l - 7*l - 2112. Suppose 6*r - 2*r - l = 4*b, 3*r = -12. Let z = 115 + b. Calculate the remainder when 133 is divided by z.
43
Let k(p) = 4*p**3 + 5*p**2 - 36*p + 50. Calculate the remainder when k(2) is divided by 27.
3
Suppose 0 = -p - 0*a + 4*a + 9, 3*a = 5*p - 96. Suppose l = -2*u - 0*l - 119, -5*u - 284 = -2*l. Let c = u + 96. Calculate the remainder when c is divided by p.
17
What is the remainder when (36 - 8)/(-7) + 166 + -4 is divided by 67?
24
Suppose -4*h + 5*x + 32 = 0, h + 5*x = -24 + 7. Let d(c) = -2*c**2 - 104*c - 991. What is the remainder when d(-13) is divided by h?
2
Let u(m) = 4*m**3 - 3*m**2 - 2*m + 2. Let n = 286985 - 286973. What is the remainder when u(3) is divided by n?
5
Let a(n) = 22*n + 63. Let p be a(-3). Calculate the remainder when 144 is divided by (1/2)/(p/(-174)).
28
Suppose 4*b - 2 = 5*s + 8*b, 5 = -5*s - 5*b. Suppose 252 = 6*l + 42. What is the remainder when -5*1*459/(-45)*s is divided by l?
32
Let z(n) = -5*n**3 - 30*n**2 - 130*n + 14. What is the remainder when z(-6) is divided by 28?
10
Let m(x) = 659*x + 5307. Suppose 0 = 3*u - 3*t - 39, 3*u = -2*t + 42 - 3. Calculate the remainder when m(-8) is divided by u.
9
Let a(m) = -m + 15. Let k(f) = -f**2 + 8*f + 17. Let b be k(9). What is the remainder when a(b) is divided by 6/8 - (-36)/16?
1
Suppose 1020 = 265*h - 259*h - 10830. What is the remainder when h is divided by 19?
18
Let z = 1740 - 1719. What is the remainder when 897 is divided by z?
15
Suppose -237 = 11*j - 12*j + r, -5*j = 5*r - 1185. Calculate the remainder when j is divided by 39.
3
Let d(y) = 74*y**2 + 89*y - 443. Calculate the remainder when d(5) is divided by 617.
1
Suppose -81*j + 652 = -1151 + 426. Calculate the remainder when 5931 is divided by j.
15
What is the remainder when 462 is divided by 2 + (-7)/((-63)/(-783))*6/(-9)?
42
Suppose 3*a - 387 = -3*m, -3*a + 4*m = -3 - 405. What is the remainder when 199 is divided by a?
67
Suppose 1764 = 4*p + 5464. Let b = 1231 + p. Calculate the remainder when b is divided by 52.
46
Let l = -8882 + 9359. What is the remainder when l is divided by 142?
51
Let b(f) = -f + 114. Let o(k) = -3*k + 456. Let c(m) = 15*b(m) - 4*o(m). Calculate the remainder when 26 is divided by c(-43).
11
Let v(c) = 3*c**3 + 15*c**2 - 62*c + 6. What is the remainder when 388 is divided by v(4)?
8
Suppose 6*s + 30 = s - 5*p, -s - 14 = 5*p. What is the remainder when 34 is divided by s/((22/(-33))/(2 + 1))?
16
Suppose 2*j = 4*j - 8. What is the remainder when (2/(2 + -4))/(216/(-1080)) is divided by j?
1
Suppose -135*t + 84460 = 29*t. What is the remainder when t is divided by 123?
23
Let j = -16954 + 17142. Calculate the remainder when j is divided by 78.
32
Suppose -o - 5 = 0, -p + 5*o - 102 = -19. Let l = p - -132. Let m(z) = -z**3 - 5*z**2 + z + 1. What is the remainder when m(-7) is divided by l?
20
Suppose 0 = -7*m + 10*m + 2*w - 37, -4*m - 7*w + 45 = 0. What is the remainder when 315 is divided by m?
3
Suppose -1107 + 2617 = 10*o - 1100. Calculate the remainder when o is divided by 154.
107
Let x(h) = -2*h**2 + 118*h - 76. What is the remainder when x(7) is divided by 156?
28
Suppose 3*r - 536 = -h, 47*r - 43*r - 720 = 4*h. What is the remainder when 281 is divided by r?
102
Let g(m) = -m**2 - 19*m + 280. Let v = 635 - 660. Calculate the remainder when g(v) is divided by 55.
20
Let b(p) = -p**3 - p**2 - 719. Let a be b(0). Let j = 470 + a. Let k = -170 - j. Calculate the remainder when k is divided by 20.
19
Suppose 51*w + 68666 - 844682 = 0. What is the remainder when w is divided by 57?
54
Let s = 247 - 229. What is the remainder when 1834 is divided by s?
16
Let y be 166/(-16) + 12/32. Calculate the remainder when 63*(80/(-12))/y is divided by 17.
8
Suppose -172 = 20*j - 712. What is the remainder when 59 is divided by j - (-21*2)/7?
26
Let j = -5480 + 7151. Calculate the remainder when 1682 is divided by j.
11
Let g = -515 + 540. Let z = -29 - -43. What is the remainder when g is divided by z?
11
Suppose 2*r - 791 = 11*l - 12*l, 2*r - 3987 = -5*l. Suppose l = -u + 868. What is the remainder when u is divided by 6?
3
Suppose 0 = -2*j - 6, 2*v - v = -4*j - 7. Suppose -4*i + 45 + 146 = -l, -3*i = v*l - 149. Suppose 197 = 3*w - 229. What is the remainder when w is divided by i?
46
Suppose -2*w = 1 + 9, -w + 1 = 2*j. Let y(s) = -s**2 + 5*s. Suppose 0 = -5*x - 3*z + 16, 96 - 92 = -3*x + 5*z. What is the remainder when y(j) is divided by x?
0
What is the remainder when (-25516)/(-20) - ((-2)/(-20) - (-30)/(-100)) is divided by 16?
12
Suppose -64 = -3*c + 533. Let x = -180 + c. What is the remainder when (-1 - -29)*1*2 is divided by x?
18
Suppose -2698*i - 16366 = -2712*i. Calculate the remainder when i is divided by 13.
12
Let m = 83 + -99. Let s = -9 - m. Suppose 10*y - 18 = s*y. Calculate the remainder when 69 is divided by y.
3
Suppose 3*g = 4*a + 4*g - 2286, -2*a + 1142 = g. Suppose 0 = -16*n + 27*n - a. What is the remainder when n is divided by 22?
8
Suppose -41 = -4*w - b, 0 = 10*w - 7*w + b - 31. Suppose w*k + 102 = 13*k. What is the remainder when k is divided by 19?
15
Let v(m) = -12*m**2 + 37*m + 42. Let g = -50 - -32. Let r = 32 + g. What is the remainder when v(1) is divided by r?
11
Let u = -296 - -471. What is the remainder when 688 is divided by u?
163
Let j be (-1 - 16)*-2*16/8. Suppose -15*g + j = -11*g. What is the remainder when 84 is divided by g?
16
Suppose 129*c - 66*c + 180 = 75*c. Calculate the remainder when 65 is divided by c.
5
Suppose -5*h - 56 - 349 = 0. Let t = h - -122. Let n = t - 12. What is the remainder when 80 is divided by n?
22
Suppose -5*y + 172 = -4*q - 336, 2*y - 5*q = 193. Suppose -4*s = -12*s + y. What is the remainder when 233 is divided by s?
12
Calculate the remainder when (-12)/120 + (1 - 18/20) + 565 is divided by 82.
73
Let v(f) = 92*f**2 + 3*f + 3. Let s(k) = 461*k**2 + 17*k + 16. Let b(u) = -6*s(u) + 33*v(u). Calculate the remainder when b(1) is divided by 17.
15
Suppose 899*l - 901*l + 9513 = -4409. What is the remainder when l is divided by 59?
58
Suppose -z + 126 = -202. Suppose -z = -5*i - 43. Let s = -162925 + 162935. Calculate the remainder when i is divided by s.
7
Calculate the remainder when 2391 is divided by ((-3)/14)/(486/(-9072)).
3
Let h = 1359 + -793. Let f = h + -508. What is the remainder when f is divided by 8?
2
Suppose -29*i + 33138 = -183. Calculate the remainder when i is divided by 54.
15
Suppose 0 = -7*l + 507 + 452. Let q = -106 + l. What is the remainder when 71 is divided by q?
9
Suppose 15 - 69 = -3*g. Let s(y) = -30*y - 512. What is the remainder when s(-19) is divided by g?
4
Suppose -18*r - 12*r = -450. Calculate the remainder when 39 + (-1 - (-5 - -2)) is divided by r.
11
Let t = -66 - -70. Suppose -3*q = -t*a + 63, -4*a + 53 = -q - 0*q. What is the remainder when 56 is divided by a?
8
Suppose -5*m = 3*u - 91 - 80, -5*u = 4*m - 298. What is the remainder when u is divided by 22?
18
Let s be (100/75)/(4/(-882)). Let d = 402 + s. Calculate the remainder when d is divided by 61.
47
Suppose 2*g + 8 = 0, -3*o + 5*g - 432 = 1. Let m = -135 - o. What is the remainder when 286 is divided by m?
14
Let p = -967 - -1003. Calculate the remainder when 221 is divided by p.
5
Suppose -3*g = f - 6*f + 35, -4*g - 16 = f. Let q = 163 - 153. What is the remainder when 151/f + (-5)/(-20) is divided by q?
8
Suppose -5555 - 11789 + 1597 = -29*s. What is the remainder when 545 is divided by s?
2
Suppose 335*a - 339*a - 8 = 0, -14421 = -5*s - 2*a. What is the rem